{"id":5948,"date":"2020-05-10T08:15:39","date_gmt":"2020-05-10T06:15:39","guid":{"rendered":"https:\/\/geniwal.be\/?post_type=product&#038;p=5948"},"modified":"2025-10-16T18:50:21","modified_gmt":"2025-10-16T16:50:21","slug":"limmigration-oubliee-des-belges-en-france","status":"publish","type":"product","link":"https:\/\/geniwal.be\/de\/boutique\/guides\/limmigration-oubliee-des-belges-en-france\/","title":{"rendered":"Die vergessene Einwanderung der Belgier nach Frankreich"},"content":{"rendered":"<p><strong>ZUSAMMENFASSUNG<\/strong><\/p>\n<p>Die belgische Einwanderung nach Frankreich ist die \u00e4lteste (Anfang des 19. Jahrhunderts) und gr\u00f6\u00dfte: Millionen von Franzosen haben Flamen und Wallonen in ihrer Abstammung. Dennoch scheint die Erinnerung daran ausgel\u00f6scht worden zu sein. Wenn es diese fl\u00e4misch klingenden Namen in den Telefonb\u00fcchern und auf den Kriegerdenkm\u00e4lern der St\u00e4dte im Norden und im Pas-de-Calais nicht mehr g\u00e4be, wer w\u00fcrde sich dann noch daran erinnern, dass die erste Einwanderung belgisch war?<\/p>\n<p>Auf der Suche nach seinen Vorfahren aus der Gegend von Tournai und Gent hat Jean-Pierre Popelier die Geschichte von Tausenden von M\u00e4nnern und Familien erz\u00e4hlt, die auf der Suche nach Arbeit auf die Bauernh\u00f6fe, in die Bergwerke und Fabriken des Nordens, des Pas-de-Calais und manchmal auch in weiter entfernte franz\u00f6sische Regionen gekommen waren. Sie wurden von der Bev\u00f6lkerung nicht immer freundlich aufgenommen und von den Arbeitgebern, die auf der Suche nach gef\u00fcgigen und effizienten Arbeitskr\u00e4ften waren, st\u00e4rker ausgebeutet als die franz\u00f6sischen Arbeiter. Sie verschmolzen mit Menschen, deren Geschichte sie, je nach den Zuf\u00e4lligkeiten der Kriege, geteilt hatten und die ihre Br\u00fcder im Elend und in den Hoffnungen waren.<\/p>\n<p>Diese au\u00dfergew\u00f6hnliche Arbeit st\u00fctzt sich auf Zeugenaussagen und Archivmaterial, um den Alltag dieser ersten Wirtschaftsmigranten zu erz\u00e4hlen. Eine Geschichte, die jeden von uns ber\u00fchren sollte.<\/p>\n<p><strong>AUTOR<\/strong><\/p>\n<p>Jean-Pierre Popelier wurde in Roubaix als Sohn einer Familie belgischer Herkunft geboren. Seit fast f\u00fcnfundzwanzig Jahren widmet er sich haupts\u00e4chlich der geteilten Geschichte Belgiens und Frankreichs - und insbesondere der Region Hauts-de-France. Zu diesem Zweck studiert er Geschichte und absolviert einen Master 2 an der EHESS zu diesem Thema.<\/p>","protected":false},"excerpt":{"rendered":"<p>R\u00e9f\u00e9rence : 701018<br \/>\nUGS : 9782350773438<br \/>\n<b style=\"color: #ff0000;\">Lieferzeit 10 Tage nach Zahlungseingang<br \/>\nQuantit\u00e9 maximum par commande : 2<br \/>\n<\/b><\/p>\n<form class=\"cart\" action=\"https:\/\/geniwal.be\/de\/produit\/retracer-lhistoire-de-sa-commune\/\" enctype=\"multipart\/form-data\" method=\"post\" data-trp-original-action=\"https:\/\/geniwal.be\/produit\/retracer-lhistoire-de-sa-commune\/\">\n<div class=\"quantity buttons_added\"><\/div>\n<input type=\"hidden\" name=\"trp-form-language\" value=\"de\"\/><\/form>\n<p>&nbsp;<\/p>","protected":false},"featured_media":5950,"comment_status":"closed","ping_status":"closed","template":"","meta":{"_et_pb_use_builder":"","_et_pb_old_content":"","_et_gb_content_width":""},"product_brand":[],"product_cat":[112],"product_tag":[198],"class_list":{"0":"post-5948","1":"product","2":"type-product","3":"status-publish","4":"has-post-thumbnail","6":"product_cat-guides","7":"product_tag-198","9":"first","10":"instock","11":"taxable","12":"shipping-taxable","13":"purchasable","14":"product-type-simple"},"aioseo_notices":[],"_links":{"self":[{"href":"https:\/\/geniwal.be\/de\/wp-json\/wp\/v2\/product\/5948","targetHints":{"allow":["GET"]}}],"collection":[{"href":"https:\/\/geniwal.be\/de\/wp-json\/wp\/v2\/product"}],"about":[{"href":"https:\/\/geniwal.be\/de\/wp-json\/wp\/v2\/types\/product"}],"replies":[{"embeddable":true,"href":"https:\/\/geniwal.be\/de\/wp-json\/wp\/v2\/comments?post=5948"}],"wp:featuredmedia":[{"embeddable":true,"href":"https:\/\/geniwal.be\/de\/wp-json\/wp\/v2\/media\/5950"}],"wp:attachment":[{"href":"https:\/\/geniwal.be\/de\/wp-json\/wp\/v2\/media?parent=5948"}],"wp:term":[{"taxonomy":"product_brand","embeddable":true,"href":"https:\/\/geniwal.be\/de\/wp-json\/wp\/v2\/product_brand?post=5948"},{"taxonomy":"product_cat","embeddable":true,"href":"https:\/\/geniwal.be\/de\/wp-json\/wp\/v2\/product_cat?post=5948"},{"taxonomy":"product_tag","embeddable":true,"href":"https:\/\/geniwal.be\/de\/wp-json\/wp\/v2\/product_tag?post=5948"}],"curies":[{"name":"wp","href":"https:\/\/api.w.org\/{rel}","templated":true}]}}

<p><strong>ZUSAMMENFASSUNG</strong></p>
<p>Die belgische Einwanderung nach Frankreich ist die älteste (Anfang des 19. Jahrhunderts) und größte: Millionen von Franzosen haben Flamen und Wallonen in ihrer Abstammung. Dennoch scheint die Erinnerung daran ausgelöscht worden zu sein. Wenn es diese flämisch klingenden Namen in den Telefonbüchern und auf den Kriegerdenkmälern der Städte im Norden und im Pas-de-Calais nicht mehr gäbe, wer würde sich dann noch daran erinnern, dass die erste Einwanderung belgisch war?</p>
<p>Auf der Suche nach seinen Vorfahren aus der Gegend von Tournai und Gent hat Jean-Pierre Popelier die Geschichte von Tausenden von Männern und Familien erzählt, die auf der Suche nach Arbeit auf die Bauernhöfe, in die Bergwerke und Fabriken des Nordens, des Pas-de-Calais und manchmal auch in weiter entfernte französische Regionen gekommen waren. Sie wurden von der Bevölkerung nicht immer freundlich aufgenommen und von den Arbeitgebern, die auf der Suche nach gefügigen und effizienten Arbeitskräften waren, stärker ausgebeutet als die französischen Arbeiter. Sie verschmolzen mit Menschen, deren Geschichte sie, je nach den Zufälligkeiten der Kriege, geteilt hatten und die ihre Brüder im Elend und in den Hoffnungen waren.</p>
<p>Diese außergewöhnliche Arbeit stützt sich auf Zeugenaussagen und Archivmaterial, um den Alltag dieser ersten Wirtschaftsmigranten zu erzählen. Eine Geschichte, die jeden von uns berühren sollte.</p>
<p><strong>AUTOR</strong></p>
<p>Jean-Pierre Popelier wurde in Roubaix als Sohn einer Familie belgischer Herkunft geboren. Seit fast fünfundzwanzig Jahren widmet er sich hauptsächlich der geteilten Geschichte Belgiens und Frankreichs - und insbesondere der Region Hauts-de-France. Zu diesem Zweck studiert er Geschichte und absolviert einen Master 2 an der EHESS zu diesem Thema.</p>

<p>Référence : 701018<br />
UGS : 9782350773438<br />
<b style="color: #ff0000;">Lieferzeit 10 Tage nach Zahlungseingang<br />
Quantité maximum par commande : 2<br />
</b></p>
<form class="cart" action="https://geniwal.be/de/produit/retracer-lhistoire-de-sa-commune/" enctype="multipart/form-data" method="post" data-trp-original-action="https://geniwal.be/produit/retracer-lhistoire-de-sa-commune/">
<div class="quantity buttons_added"></div>
<input type="hidden" name="trp-form-language" value="de"/></form>
<p>&nbsp;</p>
