{"id":5930,"date":"2020-05-10T00:28:24","date_gmt":"2020-05-09T22:28:24","guid":{"rendered":"https:\/\/geniwal.be\/?post_type=product&#038;p=5930"},"modified":"2020-09-22T09:29:04","modified_gmt":"2020-09-22T07:29:04","slug":"retrouver-ses-ancetres-espagnols-3e-edition-2020","status":"publish","type":"product","link":"https:\/\/geniwal.be\/en\/boutique\/guides\/retrouver-ses-ancetres-espagnols-3e-edition-2020\/","title":{"rendered":"Finding your Spanish ancestors 3rd edition 2020"},"content":{"rendered":"<h3><strong>SUMMARY<\/strong><\/h3>\n<p>In the 19th century, and especially in the 20th century, France was a land of welcome for Spaniards driven from their country by poverty or politics. The first Spanish surname in terms of frequency, borne by fewer than a thousand people in France in 1900, Garcia is now the 8th most common surname in France. This shows that millions of French people now have Spanish people in their family tree. How do you go about finding these ancestors from across the Pyrenees?<\/p>\n<p>This practical guide links genealogy to history: if you know when your Spanish ancestor migrated and understand the historical context of the time, you'll know which archives to look for in France. Because research starts here. It is the documents held by the family or found in the collections of our departmental archives that provide names, dates and places that are sufficiently precise for the search to continue in Spain. Access to documents in Spain is not the same as here, nor are the places where they are kept, and genealogy is not yet a mass pastime. But with diplomacy, perseverance and patience, you will be able to trace your tree back into the past, as parish archives generally begin in the 16th century, and digitisation is becoming more and more widespread. This book guides you step by step<\/p>\n<h3><strong>AUTHORS<\/strong><\/h3>\n<p>Val\u00e9rie Franco-Courtillet founded the Gen-Ib\u00e9rica association to help individuals trace their ancestors in Spain. A member of the association Les jeunes et la g\u00e9n\u00e9alogie (Young people and genealogy), in 2011 she published Se d\u00e9couvrir par l'arbre g\u00e9n\u00e9alogique (Discovering yourself through your family tree), the first book on this subject to be published by the French Ministry of Education.<\/p>\n<p>M\u00e9lanie Ruiz, co-founder of Gen-Ib\u00e9rica, was the association's secretary.<\/p>\n<p>Brigitte Sancho-Bourdenet succeeded Val\u00e9rie Franco as Chairman in 2017.<\/p>\n<p>Isabelle Tornel-Gomez took over from Brigitte as secretary in 2017.<\/p>\n<p>All are daughters or granddaughters of Spaniards who arrived in France at the time of the First World War or the 1939 Retirada.<\/p>\n<p>With contributions from \u00c9ric and Christiane Jariod for the chapter on religious archives, and the chapter on series M and W in the departmental archives.<\/p>","protected":false},"excerpt":{"rendered":"<p>R\u00e9f\u00e9rence : 701015<br \/>\nUGS : 978-2-35077-195-3<br \/>\n128 pages broch\u00e9es \/ format 17 x 24 cm<\/p>\n<div class=\"woocommerce-product-details__short-description\">\n<div>\n<h3><span style=\"color: #ff0000;\"><b>Delivery time 10 days from receipt of payment<br \/>\n<b style=\"color: #ff0000;\">Quantit\u00e9 maximum par commande : 2<\/b><br \/>\n<\/b><\/span><\/h3>\n<\/div>\n<\/div>\n<form class=\"cart\" action=\"https:\/\/geniwal.be\/en\/produit\/retracer-lhistoire-de-sa-commune\/\" enctype=\"multipart\/form-data\" method=\"post\" data-trp-original-action=\"https:\/\/geniwal.be\/produit\/retracer-lhistoire-de-sa-commune\/\">\n<div class=\"quantity buttons_added\"><\/div>\n<input type=\"hidden\" name=\"trp-form-language\" value=\"en\"\/><\/form>","protected":false},"featured_media":5931,"comment_status":"closed","ping_status":"closed","template":"","meta":{"_et_pb_use_builder":"","_et_pb_old_content":"","_et_gb_content_width":""},"product_brand":[],"product_cat":[112],"product_tag":[204],"class_list":{"0":"post-5930","1":"product","2":"type-product","3":"status-publish","4":"has-post-thumbnail","6":"product_cat-guides","7":"product_tag-204","9":"first","10":"instock","11":"taxable","12":"shipping-taxable","13":"purchasable","14":"product-type-simple"},"aioseo_notices":[],"_links":{"self":[{"href":"https:\/\/geniwal.be\/en\/wp-json\/wp\/v2\/product\/5930","targetHints":{"allow":["GET"]}}],"collection":[{"href":"https:\/\/geniwal.be\/en\/wp-json\/wp\/v2\/product"}],"about":[{"href":"https:\/\/geniwal.be\/en\/wp-json\/wp\/v2\/types\/product"}],"replies":[{"embeddable":true,"href":"https:\/\/geniwal.be\/en\/wp-json\/wp\/v2\/comments?post=5930"}],"wp:featuredmedia":[{"embeddable":true,"href":"https:\/\/geniwal.be\/en\/wp-json\/wp\/v2\/media\/5931"}],"wp:attachment":[{"href":"https:\/\/geniwal.be\/en\/wp-json\/wp\/v2\/media?parent=5930"}],"wp:term":[{"taxonomy":"product_brand","embeddable":true,"href":"https:\/\/geniwal.be\/en\/wp-json\/wp\/v2\/product_brand?post=5930"},{"taxonomy":"product_cat","embeddable":true,"href":"https:\/\/geniwal.be\/en\/wp-json\/wp\/v2\/product_cat?post=5930"},{"taxonomy":"product_tag","embeddable":true,"href":"https:\/\/geniwal.be\/en\/wp-json\/wp\/v2\/product_tag?post=5930"}],"curies":[{"name":"wp","href":"https:\/\/api.w.org\/{rel}","templated":true}]}}

<h3><strong>SUMMARY</strong></h3>
<p>In the 19th century, and especially in the 20th century, France was a land of welcome for Spaniards driven from their country by poverty or politics. The first Spanish surname in terms of frequency, borne by fewer than a thousand people in France in 1900, Garcia is now the 8th most common surname in France. This shows that millions of French people now have Spanish people in their family tree. How do you go about finding these ancestors from across the Pyrenees?</p>
<p>This practical guide links genealogy to history: if you know when your Spanish ancestor migrated and understand the historical context of the time, you'll know which archives to look for in France. Because research starts here. It is the documents held by the family or found in the collections of our departmental archives that provide names, dates and places that are sufficiently precise for the search to continue in Spain. Access to documents in Spain is not the same as here, nor are the places where they are kept, and genealogy is not yet a mass pastime. But with diplomacy, perseverance and patience, you will be able to trace your tree back into the past, as parish archives generally begin in the 16th century, and digitisation is becoming more and more widespread. This book guides you step by step</p>
<h3><strong>AUTHORS</strong></h3>
<p>Valérie Franco-Courtillet founded the Gen-Ibérica association to help individuals trace their ancestors in Spain. A member of the association Les jeunes et la généalogie (Young people and genealogy), in 2011 she published Se découvrir par l'arbre généalogique (Discovering yourself through your family tree), the first book on this subject to be published by the French Ministry of Education.</p>
<p>Mélanie Ruiz, co-founder of Gen-Ibérica, was the association's secretary.</p>
<p>Brigitte Sancho-Bourdenet succeeded Valérie Franco as Chairman in 2017.</p>
<p>Isabelle Tornel-Gomez took over from Brigitte as secretary in 2017.</p>
<p>All are daughters or granddaughters of Spaniards who arrived in France at the time of the First World War or the 1939 Retirada.</p>
<p>With contributions from Éric and Christiane Jariod for the chapter on religious archives, and the chapter on series M and W in the departmental archives.</p>

<p>Référence : 701015<br />
UGS : 978-2-35077-195-3<br />
128 pages brochées / format 17 x 24 cm</p>
<div class="woocommerce-product-details__short-description">
<div>
<h3><span style="color: #ff0000;"><b>Delivery time 10 days from receipt of payment<br />
<b style="color: #ff0000;">Quantité maximum par commande : 2</b><br />
</b></span></h3>
</div>
</div>
<form class="cart" action="https://geniwal.be/en/produit/retracer-lhistoire-de-sa-commune/" enctype="multipart/form-data" method="post" data-trp-original-action="https://geniwal.be/produit/retracer-lhistoire-de-sa-commune/">
<div class="quantity buttons_added"></div>
<input type="hidden" name="trp-form-language" value="en"/></form>
