{"id":8381,"date":"2022-03-10T19:07:10","date_gmt":"2022-03-10T18:07:10","guid":{"rendered":"https:\/\/geniwal.be\/?post_type=product&#038;p=8381"},"modified":"2024-12-15T11:00:43","modified_gmt":"2024-12-15T10:00:43","slug":"lot-manuels-1-2-3-de-geniwal-militaires-mariages-dictionnaire-nl-fr","status":"publish","type":"product","link":"https:\/\/geniwal.be\/es\/boutique\/guides\/lot-manuels-1-2-3-de-geniwal-militaires-mariages-dictionnaire-nl-fr\/","title":{"rendered":"Lote de n\u00fameros 1-2-3 de G\u00e9niwal: Archivos militares, Matrimonio civil, Vocabulario NL-FR"},"content":{"rendered":"<p><b>R\u00c9SUM\u00c9 &#8211; Archives Militaires<\/b><\/p>\n<p style=\"font-weight: 400;\">\nLe service militaire \u00e9tait fond\u00e9 sur un tirage au sort, h\u00e9rit\u00e9 \u00e0 l\u2019ind\u00e9pendance de 1830 des occupations fran\u00e7aise et hollandaise. Chaque province devait fournir un nombre pr\u00e9cis de conscrits, en vertu d\u2019un contingent vot\u00e9 annuellement par le parlement. Le tirage avait lieu chaque ann\u00e9e en f\u00e9vrier et il \u00e9tait possible pour celui qui avait tir\u00e9 un mauvais num\u00e9ro de se faire remplacer par un autre jeune homme moyennant paiement, souvent par l\u2019interm\u00e9diaire de soci\u00e9t\u00e9s sp\u00e9cialis\u00e9es. En 1909, lors de l\u2019introduction du service militaire personnel, il en co\u00fbtait ainsi 1.800 francs (environ 3.000 euros actuels) pour se faire remplacer sous les drapeaux.<\/p>\n<p>L\u2019introduction du service militaire obligatoire en Belgique, en vertu d\u2019une loi sign\u00e9e le 14 d\u00e9cembre 1909 par le roi L\u00e9opold 11, trois jours avant sa mort. Cette loi imposait que chaque famille mette \u00e0 la disposition de la nation un fils. En 1913 Albert 1 \u2022r, son successeur modifia la loi en imposant tous les fils d\u2019une famille.<\/p>\n<p>Cette obligation a vu des millions de miliciens (appel\u00e9s) servir, sous les drapeaux jusqu\u2019\u00e0 sa suspension, en mars 1995, lors de la professionnalisation des forces arm\u00e9es. C\u2019est cette loi qui a permis \u00e0 l\u2019arm\u00e9e belge de compter 250.000 hommes le 4 ao\u00fbt 1914, d\u00e9but de la Premi\u00e8re Guerre mondiale. A ce moment, la dur\u00e9e du service \u00ab personnel \u00bb variait entre 15 mois, pour l\u2019infanterie, et 24 mois pour la cavalerie et l\u2019artillerie \u00e0 cheval.<\/p>\n<p>La dur\u00e9e du service a connu au cours des 86 ann\u00e9es suivantes de constantes fluctuations. Souvent li\u00e9es \u00e0 la situation internationale. En 1920, apr\u00e8s la Premi\u00e8re Guerre mondiale. Elle est ainsi rapidement r\u00e9duite \u00e0 dix ou \u00e0 treize mois selon les armes, pour tomber \u00e0 huit mois en 1928 pour certaines cat\u00e9gories de miliciens. En 1936, \u00e0 l\u2019approche de la Seconde Guerre mondiale, la p\u00e9riode sous les armes remonte \u00e0 douze, voire m\u00eame 18 mois pour certaines classes de milice et \u00e0 17 mois pour les candidats grad\u00e9s de r\u00e9serve. A partir de 1974 les femmes volontaires de carri\u00e8re font leur apparition au sein de la d\u00e9fense.<\/p>\n<p>Cet ouvrage permettra aux g\u00e9n\u00e9alogistes de trouver des pistes concernant leurs anc\u00eatres ayant servi sous les armes pendant les principaux conflits aussi bien sur le territoire belge que sur les champs de bataille \u00e9trangers.<\/p>\n<p><strong>AUTEUR<\/strong><br \/>\nYves Heraly. Il est n\u00e9 en 1948 \u00e0 L\u00e9opoldville (aujourd\u2019hui Kinshasa) en R\u00e9publique d\u00e9mocratique du Congo. Il commence en 1990 la g\u00e9n\u00e9alogie familiale des Heraly, originaires du Brabant wallon. Ancien tr\u00e9sorier du Cercle d\u2019histoire, d\u2019arch\u00e9ologie et de g\u00e9n\u00e9alogie de Wavre et du Brabant Wallon. Il fonde en 1998 l\u2019association G\u00e9niWal (G\u00e9n\u00e9alogie Wallonie Informatique) dont il est pr\u00e9sident.<\/p>\n<p><b>R\u00c9SUM\u00c9 &#8211; Mariage Civil<\/b><\/p>\n<p style=\"font-weight: 400;\">\n<p>L\u2019\u00e9tat civil belge est n\u00e9 du code civil vot\u00e9 entre 1801 \u00e0 1804 ; (promulgu\u00e9 le 31 mars 1804) et prend le nom de code Napol\u00e9on en 1807. Ce code est compos\u00e9 de trois livres : 1\u00b0 des personnes. 2\u00b0 des biens et des diff\u00e9rentes modifications de la propri\u00e9t\u00e9. 3\u00b0 des diff\u00e9rentes mani\u00e8res dont on acquiert la propri\u00e9t\u00e9.<\/p>\n<p>Le code reprend un certains nombres de conqu\u00eates de la R\u00e9volution fran\u00e7aise ; \u00e9galit\u00e9 entre les citoyens, la\u00efcit\u00e9 de l\u2019\u00e9tat, libert\u00e9 de conscience, libert\u00e9 de travail, \u00e9galit\u00e9 des enfants, filiation des libert\u00e9s de tester\u202f; possibilit\u00e9 de divorcer et peu favorables- aux droits des femmes.<\/p>\n<p>Il influen\u00e7a durablement le droit civil belge aux XIX\u1d49 et XX\u1d49  si\u00e8cles. C\u2019est sous le r\u00e9gime fran\u00e7ais que furent publi\u00e9s les diff\u00e9rents codes judiciaires dont le code civil belge s\u2019est inspir\u00e9.<\/p>\n<p>Gr\u00e2ce \u00e0 cette publication vous pourrez en savoir plus sur le mariage en Belgique.<\/p>\n<p><strong>AUTEUR<\/strong><br \/>\nYves Heraly. Il est n\u00e9 en 1948 \u00e0 L\u00e9opoldville (aujourd\u2019hui Kinshasa) en R\u00e9publique d\u00e9mocratique du Congo. Il commence en 1990 la g\u00e9n\u00e9alogie familiale des Heraly, originaires du Brabant wallon. Ancien tr\u00e9sorier du Cercle d\u2019histoire, d\u2019arch\u00e9ologie et de g\u00e9n\u00e9alogie de Wavre et du Brabant Wallon. Il fonde en 1998 l\u2019association G\u00e9niWal (G\u00e9n\u00e9alogie Wallonie Informatique) dont il est pr\u00e9sident.\n<\/p>\n<p><b>R\u00c9SUM\u00c9 &#8211; Vocabulaire NL-FR<\/b><\/p>\n<p style=\"font-weight: 400;\">\n<p>Middelnederlands \u2013 MoyenN\u00e9erlandais<br \/>\nNederlands \u2013 N\u00e9erlandais<br \/>\nFrans \u2013 Fran\u00e7ais<\/p>\n<p>Le moyen n\u00e9erlandais (Middelnederlands en n\u00e9erlandais) est un pr\u00e9curseur de la langue n\u00e9erlandaise moderne. Il est parl\u00e9 dans les Pays-Bas et dans le nord de la Belgique entre 1150 et 1500. Le moyen n\u00e9erlandais, qui s\u2019est d\u00e9velopp\u00e9 \u00e0 partir du vieux n\u00e9erlandais, est \u00e9ga[1]lement appel\u00e9 thiois (diets en n\u00e9erlandais) m\u00eame si le terme n\u2019est pas linguistiquement appropri\u00e9<\/p>\n<p>Het Middelnederlands is een voorloper van de moderne Nederlandse taal. Het werd tussen 1200 en 1500 in het huidige Nederlandse taalge[1]bied gesproken. Middelnederlands was de opvolger van het Oudneder[1]lands. Het Noord-Middelnederlands wordt vooral door niet-taalkundi[1]gen ook wel Diets genoemd. Verder behoren ook Vlaams en Brabants in deze talengroep.<\/p>\n<p><strong>AUTEUR<\/strong><br \/>\nPar Louis Goeman (1996)<br \/>\nCette publication a \u00e9t\u00e9 extraite de l\u2019original en d\u00e9p\u00f4t dans la biblioth\u00e8que de G\u00e9niWal a.s.b.l<\/p>\n","protected":false},"excerpt":{"rendered":"<p>R\u00e9f\u00e9rence : &#8211;<\/p>\n<p>Ce lot regroupe les 3 premiers fascicules publi\u00e9s par G\u00e9niwal \u00e0 savoir<br \/>\n1. Les Archives Militaires en Belgique<br \/>\n2. L&rsquo;ABC du Mariage Civil au 19\u00e8me Si\u00e8cle<br \/>\n3. Vocabulaire N\u00e9erlandais Fran\u00e7ais en usage dans les recherches d&rsquo;actes en Belgique<\/p>\n<p>3 fascicules broch\u00e9s \/ format 148 x 210 cm<br \/>\n<b style=\"color: #ff0000;\">Plazo de entrega 10 d\u00edas desde la recepci\u00f3n del pago<br \/>\n<\/b><\/p>\n<form class=\"cart\" action=\"https:\/\/geniwal.be\/es\/produit\/retracer-lhistoire-de-sa-commune\/\" enctype=\"multipart\/form-data\" method=\"post\" data-trp-original-action=\"https:\/\/geniwal.be\/produit\/retracer-lhistoire-de-sa-commune\/\">\n<div class=\"quantity buttons_added\"><\/div>\n<input type=\"hidden\" name=\"trp-form-language\" value=\"es\"\/><\/form>","protected":false},"featured_media":8382,"comment_status":"closed","ping_status":"closed","template":"","meta":{"_et_pb_use_builder":"","_et_pb_old_content":"","_et_gb_content_width":""},"product_brand":[],"product_cat":[112],"product_tag":[],"class_list":{"0":"post-8381","1":"product","2":"type-product","3":"status-publish","4":"has-post-thumbnail","6":"product_cat-guides","8":"first","9":"instock","10":"sale","11":"taxable","12":"shipping-taxable","13":"purchasable","14":"product-type-simple"},"aioseo_notices":[],"_links":{"self":[{"href":"https:\/\/geniwal.be\/es\/wp-json\/wp\/v2\/product\/8381","targetHints":{"allow":["GET"]}}],"collection":[{"href":"https:\/\/geniwal.be\/es\/wp-json\/wp\/v2\/product"}],"about":[{"href":"https:\/\/geniwal.be\/es\/wp-json\/wp\/v2\/types\/product"}],"replies":[{"embeddable":true,"href":"https:\/\/geniwal.be\/es\/wp-json\/wp\/v2\/comments?post=8381"}],"wp:featuredmedia":[{"embeddable":true,"href":"https:\/\/geniwal.be\/es\/wp-json\/wp\/v2\/media\/8382"}],"wp:attachment":[{"href":"https:\/\/geniwal.be\/es\/wp-json\/wp\/v2\/media?parent=8381"}],"wp:term":[{"taxonomy":"product_brand","embeddable":true,"href":"https:\/\/geniwal.be\/es\/wp-json\/wp\/v2\/product_brand?post=8381"},{"taxonomy":"product_cat","embeddable":true,"href":"https:\/\/geniwal.be\/es\/wp-json\/wp\/v2\/product_cat?post=8381"},{"taxonomy":"product_tag","embeddable":true,"href":"https:\/\/geniwal.be\/es\/wp-json\/wp\/v2\/product_tag?post=8381"}],"curies":[{"name":"wp","href":"https:\/\/api.w.org\/{rel}","templated":true}]}}

Lote de números 1-2-3 de Géniwal: Archivos militares, Matrimonio civil, Vocabulario NL-FR

<p><b>RÉSUMÉ &#8211; Archives Militaires</b></p>
<p style="font-weight: 400;">
Le service militaire était fondé sur un tirage au sort, hérité à l’indépendance de 1830 des occupations française et hollandaise. Chaque province devait fournir un nombre précis de conscrits, en vertu d’un contingent voté annuellement par le parlement. Le tirage avait lieu chaque année en février et il était possible pour celui qui avait tiré un mauvais numéro de se faire remplacer par un autre jeune homme moyennant paiement, souvent par l’intermédiaire de sociétés spécialisées. En 1909, lors de l’introduction du service militaire personnel, il en coûtait ainsi 1.800 francs (environ 3.000 euros actuels) pour se faire remplacer sous les drapeaux.</p>
<p>L’introduction du service militaire obligatoire en Belgique, en vertu d’une loi signée le 14 décembre 1909 par le roi Léopold 11, trois jours avant sa mort. Cette loi imposait que chaque famille mette à la disposition de la nation un fils. En 1913 Albert 1 •r, son successeur modifia la loi en imposant tous les fils d’une famille.</p>
<p>Cette obligation a vu des millions de miliciens (appelés) servir, sous les drapeaux jusqu’à sa suspension, en mars 1995, lors de la professionnalisation des forces armées. C’est cette loi qui a permis à l’armée belge de compter 250.000 hommes le 4 août 1914, début de la Première Guerre mondiale. A ce moment, la durée du service « personnel » variait entre 15 mois, pour l’infanterie, et 24 mois pour la cavalerie et l’artillerie à cheval.</p>
<p>La durée du service a connu au cours des 86 années suivantes de constantes fluctuations. Souvent liées à la situation internationale. En 1920, après la Première Guerre mondiale. Elle est ainsi rapidement réduite à dix ou à treize mois selon les armes, pour tomber à huit mois en 1928 pour certaines catégories de miliciens. En 1936, à l’approche de la Seconde Guerre mondiale, la période sous les armes remonte à douze, voire même 18 mois pour certaines classes de milice et à 17 mois pour les candidats gradés de réserve. A partir de 1974 les femmes volontaires de carrière font leur apparition au sein de la défense.</p>
<p>Cet ouvrage permettra aux généalogistes de trouver des pistes concernant leurs ancêtres ayant servi sous les armes pendant les principaux conflits aussi bien sur le territoire belge que sur les champs de bataille étrangers.</p>
<p><strong>AUTEUR</strong><br />
Yves Heraly. Il est né en 1948 à Léopoldville (aujourd’hui Kinshasa) en République démocratique du Congo. Il commence en 1990 la généalogie familiale des Heraly, originaires du Brabant wallon. Ancien trésorier du Cercle d’histoire, d’archéologie et de généalogie de Wavre et du Brabant Wallon. Il fonde en 1998 l’association GéniWal (Généalogie Wallonie Informatique) dont il est président.</p>
<p><b>RÉSUMÉ &#8211; Mariage Civil</b></p>
<p style="font-weight: 400;">
<p>L’état civil belge est né du code civil voté entre 1801 à 1804 ; (promulgué le 31 mars 1804) et prend le nom de code Napoléon en 1807. Ce code est composé de trois livres : 1° des personnes. 2° des biens et des différentes modifications de la propriété. 3° des différentes manières dont on acquiert la propriété.</p>
<p>Le code reprend un certains nombres de conquêtes de la Révolution française ; égalité entre les citoyens, laïcité de l’état, liberté de conscience, liberté de travail, égalité des enfants, filiation des libertés de tester ; possibilité de divorcer et peu favorables- aux droits des femmes.</p>
<p>Il influença durablement le droit civil belge aux XIXᵉ et XXᵉ  siècles. C’est sous le régime français que furent publiés les différents codes judiciaires dont le code civil belge s’est inspiré.</p>
<p>Grâce à cette publication vous pourrez en savoir plus sur le mariage en Belgique.</p>
<p><strong>AUTEUR</strong><br />
Yves Heraly. Il est né en 1948 à Léopoldville (aujourd’hui Kinshasa) en République démocratique du Congo. Il commence en 1990 la généalogie familiale des Heraly, originaires du Brabant wallon. Ancien trésorier du Cercle d’histoire, d’archéologie et de généalogie de Wavre et du Brabant Wallon. Il fonde en 1998 l’association GéniWal (Généalogie Wallonie Informatique) dont il est président.
</p>
<p><b>RÉSUMÉ &#8211; Vocabulaire NL-FR</b></p>
<p style="font-weight: 400;">
<p>Middelnederlands – MoyenNéerlandais<br />
Nederlands – Néerlandais<br />
Frans – Français</p>
<p>Le moyen néerlandais (Middelnederlands en néerlandais) est un précurseur de la langue néerlandaise moderne. Il est parlé dans les Pays-Bas et dans le nord de la Belgique entre 1150 et 1500. Le moyen néerlandais, qui s’est développé à partir du vieux néerlandais, est éga[1]lement appelé thiois (diets en néerlandais) même si le terme n’est pas linguistiquement approprié</p>
<p>Het Middelnederlands is een voorloper van de moderne Nederlandse taal. Het werd tussen 1200 en 1500 in het huidige Nederlandse taalge[1]bied gesproken. Middelnederlands was de opvolger van het Oudneder[1]lands. Het Noord-Middelnederlands wordt vooral door niet-taalkundi[1]gen ook wel Diets genoemd. Verder behoren ook Vlaams en Brabants in deze talengroep.</p>
<p><strong>AUTEUR</strong><br />
Par Louis Goeman (1996)<br />
Cette publication a été extraite de l’original en dépôt dans la bibliothèque de GéniWal a.s.b.l</p>

<p>Référence : &#8211;</p>
<p>Ce lot regroupe les 3 premiers fascicules publiés par Géniwal à savoir<br />
1. Les Archives Militaires en Belgique<br />
2. L&rsquo;ABC du Mariage Civil au 19ème Siècle<br />
3. Vocabulaire Néerlandais Français en usage dans les recherches d&rsquo;actes en Belgique</p>
<p>3 fascicules brochés / format 148 x 210 cm<br />
<b style="color: #ff0000;">Plazo de entrega 10 días desde la recepción del pago<br />
</b></p>
<form class="cart" action="https://geniwal.be/es/produit/retracer-lhistoire-de-sa-commune/" enctype="multipart/form-data" method="post" data-trp-original-action="https://geniwal.be/produit/retracer-lhistoire-de-sa-commune/">
<div class="quantity buttons_added"></div>
<input type="hidden" name="trp-form-language" value="es"/></form>
