{"id":5930,"date":"2020-05-10T00:28:24","date_gmt":"2020-05-09T22:28:24","guid":{"rendered":"https:\/\/geniwal.be\/?post_type=product&#038;p=5930"},"modified":"2020-09-22T09:29:04","modified_gmt":"2020-09-22T07:29:04","slug":"retrouver-ses-ancetres-espagnols-3e-edition-2020","status":"publish","type":"product","link":"https:\/\/geniwal.be\/it\/boutique\/guides\/retrouver-ses-ancetres-espagnols-3e-edition-2020\/","title":{"rendered":"Trovare i propri antenati spagnoli 3a edizione 2020"},"content":{"rendered":"<h3><strong>SOMMARIO<\/strong><\/h3>\n<p>Nel XIX secolo, e soprattutto nel XX secolo, la Francia \u00e8 stata una terra di accoglienza per gli spagnoli cacciati dal loro Paese dalla povert\u00e0 o dalla politica. Il primo cognome spagnolo in termini di frequenza, portato da meno di mille persone in Francia nel 1900, Garcia \u00e8 oggi l'8\u00b0 cognome pi\u00f9 comune in Francia. Ci\u00f2 dimostra che milioni di francesi hanno oggi degli spagnoli nel loro albero genealogico. Come si fa a trovare questi antenati provenienti da oltre i Pirenei?<\/p>\n<p>Questa guida pratica collega la genealogia alla storia: se sapete quando il vostro antenato spagnolo \u00e8 emigrato e comprendete il contesto storico dell'epoca, saprete quali archivi cercare in Francia. Perch\u00e9 la ricerca inizia da qui. Sono i documenti in possesso della famiglia o trovati nelle collezioni dei nostri archivi dipartimentali a fornire nomi, date e luoghi sufficientemente precisi per proseguire la ricerca in Spagna. L'accesso ai documenti in Spagna non \u00e8 lo stesso che da noi, n\u00e9 lo sono i luoghi in cui sono conservati, e la genealogia non \u00e8 ancora un passatempo di massa. Tuttavia, con diplomazia, perseveranza e pazienza, potrete risalire il vostro albero nel passato, poich\u00e9 gli archivi parrocchiali iniziano generalmente nel XVI secolo e la digitalizzazione \u00e8 sempre pi\u00f9 diffusa. Questo libro vi guider\u00e0 passo dopo passo<\/p>\n<h3><strong>AUTORI<\/strong><\/h3>\n<p>Val\u00e9rie Franco-Courtillet ha fondato l'associazione Gen-Ib\u00e9rica per aiutare le persone a rintracciare i propri antenati in Spagna. Membro dell'associazione Les jeunes et la g\u00e9n\u00e9alogie (I giovani e la genealogia), nel 2011 ha pubblicato Se d\u00e9couvrir par l'arbre g\u00e9n\u00e9alogique (Scoprire se stessi attraverso il proprio albero genealogico), il primo libro su questo tema pubblicato dal Ministero dell'Istruzione francese.<\/p>\n<p>M\u00e9lanie Ruiz, cofondatrice di Gen-Ib\u00e9rica, era la segretaria dell'associazione.<\/p>\n<p>Brigitte Sancho-Bourdenet \u00e8 succeduta a Val\u00e9rie Franco come Presidente nel 2017.<\/p>\n<p>Isabelle Tornel-Gomez ha preso il posto di Brigitte come segretaria nel 2017.<\/p>\n<p>Tutte sono figlie o nipoti di spagnoli arrivati in Francia all'epoca della Prima Guerra Mondiale o della Retirada del 1939.<\/p>\n<p>Con il contributo di \u00c9ric e Christiane Jariod per il capitolo sugli archivi religiosi e il capitolo sulle serie M e W degli archivi dipartimentali.<\/p>","protected":false},"excerpt":{"rendered":"<p>R\u00e9f\u00e9rence : 701015<br \/>\nUGS : 978-2-35077-195-3<br \/>\n128 pages broch\u00e9es \/ format 17 x 24 cm<\/p>\n<div class=\"woocommerce-product-details__short-description\">\n<div>\n<h3><span style=\"color: #ff0000;\"><b>Tempi di consegna 10 giorni dal ricevimento del pagamento<br \/>\n<b style=\"color: #ff0000;\">Quantit\u00e9 maximum par commande : 2<\/b><br \/>\n<\/b><\/span><\/h3>\n<\/div>\n<\/div>\n<form class=\"cart\" action=\"https:\/\/geniwal.be\/it\/produit\/retracer-lhistoire-de-sa-commune\/\" enctype=\"multipart\/form-data\" method=\"post\" data-trp-original-action=\"https:\/\/geniwal.be\/produit\/retracer-lhistoire-de-sa-commune\/\">\n<div class=\"quantity buttons_added\"><\/div>\n<input type=\"hidden\" name=\"trp-form-language\" value=\"it\"\/><\/form>","protected":false},"featured_media":5931,"comment_status":"closed","ping_status":"closed","template":"","meta":{"_et_pb_use_builder":"","_et_pb_old_content":"","_et_gb_content_width":""},"product_brand":[],"product_cat":[112],"product_tag":[204],"class_list":{"0":"post-5930","1":"product","2":"type-product","3":"status-publish","4":"has-post-thumbnail","6":"product_cat-guides","7":"product_tag-204","9":"first","10":"instock","11":"taxable","12":"shipping-taxable","13":"purchasable","14":"product-type-simple"},"aioseo_notices":[],"_links":{"self":[{"href":"https:\/\/geniwal.be\/it\/wp-json\/wp\/v2\/product\/5930","targetHints":{"allow":["GET"]}}],"collection":[{"href":"https:\/\/geniwal.be\/it\/wp-json\/wp\/v2\/product"}],"about":[{"href":"https:\/\/geniwal.be\/it\/wp-json\/wp\/v2\/types\/product"}],"replies":[{"embeddable":true,"href":"https:\/\/geniwal.be\/it\/wp-json\/wp\/v2\/comments?post=5930"}],"wp:featuredmedia":[{"embeddable":true,"href":"https:\/\/geniwal.be\/it\/wp-json\/wp\/v2\/media\/5931"}],"wp:attachment":[{"href":"https:\/\/geniwal.be\/it\/wp-json\/wp\/v2\/media?parent=5930"}],"wp:term":[{"taxonomy":"product_brand","embeddable":true,"href":"https:\/\/geniwal.be\/it\/wp-json\/wp\/v2\/product_brand?post=5930"},{"taxonomy":"product_cat","embeddable":true,"href":"https:\/\/geniwal.be\/it\/wp-json\/wp\/v2\/product_cat?post=5930"},{"taxonomy":"product_tag","embeddable":true,"href":"https:\/\/geniwal.be\/it\/wp-json\/wp\/v2\/product_tag?post=5930"}],"curies":[{"name":"wp","href":"https:\/\/api.w.org\/{rel}","templated":true}]}}

<h3><strong>SOMMARIO</strong></h3>
<p>Nel XIX secolo, e soprattutto nel XX secolo, la Francia è stata una terra di accoglienza per gli spagnoli cacciati dal loro Paese dalla povertà o dalla politica. Il primo cognome spagnolo in termini di frequenza, portato da meno di mille persone in Francia nel 1900, Garcia è oggi l'8° cognome più comune in Francia. Ciò dimostra che milioni di francesi hanno oggi degli spagnoli nel loro albero genealogico. Come si fa a trovare questi antenati provenienti da oltre i Pirenei?</p>
<p>Questa guida pratica collega la genealogia alla storia: se sapete quando il vostro antenato spagnolo è emigrato e comprendete il contesto storico dell'epoca, saprete quali archivi cercare in Francia. Perché la ricerca inizia da qui. Sono i documenti in possesso della famiglia o trovati nelle collezioni dei nostri archivi dipartimentali a fornire nomi, date e luoghi sufficientemente precisi per proseguire la ricerca in Spagna. L'accesso ai documenti in Spagna non è lo stesso che da noi, né lo sono i luoghi in cui sono conservati, e la genealogia non è ancora un passatempo di massa. Tuttavia, con diplomazia, perseveranza e pazienza, potrete risalire il vostro albero nel passato, poiché gli archivi parrocchiali iniziano generalmente nel XVI secolo e la digitalizzazione è sempre più diffusa. Questo libro vi guiderà passo dopo passo</p>
<h3><strong>AUTORI</strong></h3>
<p>Valérie Franco-Courtillet ha fondato l'associazione Gen-Ibérica per aiutare le persone a rintracciare i propri antenati in Spagna. Membro dell'associazione Les jeunes et la généalogie (I giovani e la genealogia), nel 2011 ha pubblicato Se découvrir par l'arbre généalogique (Scoprire se stessi attraverso il proprio albero genealogico), il primo libro su questo tema pubblicato dal Ministero dell'Istruzione francese.</p>
<p>Mélanie Ruiz, cofondatrice di Gen-Ibérica, era la segretaria dell'associazione.</p>
<p>Brigitte Sancho-Bourdenet è succeduta a Valérie Franco come Presidente nel 2017.</p>
<p>Isabelle Tornel-Gomez ha preso il posto di Brigitte come segretaria nel 2017.</p>
<p>Tutte sono figlie o nipoti di spagnoli arrivati in Francia all'epoca della Prima Guerra Mondiale o della Retirada del 1939.</p>
<p>Con il contributo di Éric e Christiane Jariod per il capitolo sugli archivi religiosi e il capitolo sulle serie M e W degli archivi dipartimentali.</p>

<p>Référence : 701015<br />
UGS : 978-2-35077-195-3<br />
128 pages brochées / format 17 x 24 cm</p>
<div class="woocommerce-product-details__short-description">
<div>
<h3><span style="color: #ff0000;"><b>Tempi di consegna 10 giorni dal ricevimento del pagamento<br />
<b style="color: #ff0000;">Quantité maximum par commande : 2</b><br />
</b></span></h3>
</div>
</div>
<form class="cart" action="https://geniwal.be/it/produit/retracer-lhistoire-de-sa-commune/" enctype="multipart/form-data" method="post" data-trp-original-action="https://geniwal.be/produit/retracer-lhistoire-de-sa-commune/">
<div class="quantity buttons_added"></div>
<input type="hidden" name="trp-form-language" value="it"/></form>
