{"id":5948,"date":"2020-05-10T08:15:39","date_gmt":"2020-05-10T06:15:39","guid":{"rendered":"https:\/\/geniwal.be\/?post_type=product&#038;p=5948"},"modified":"2025-10-16T18:50:21","modified_gmt":"2025-10-16T16:50:21","slug":"limmigration-oubliee-des-belges-en-france","status":"publish","type":"product","link":"https:\/\/geniwal.be\/it\/boutique\/guides\/limmigration-oubliee-des-belges-en-france\/","title":{"rendered":"L'immigrazione dimenticata dei belgi in Francia"},"content":{"rendered":"<p><strong>SOMMARIO<\/strong><\/p>\n<p>L'immigrazione belga in Francia \u00e8 la pi\u00f9 antica (inizio XIX secolo) e la pi\u00f9 numerosa: milioni di francesi hanno antenati fiamminghi e valloni. Eppure il ricordo sembra essersi affievolito. Se non fosse per i nomi che suonano fiamminghi negli elenchi telefonici e sui monumenti di guerra delle citt\u00e0 del Nord e del Pas-de-Calais, chi ricorderebbe che la prima immigrazione \u00e8 stata belga?<\/p>\n<p>Andando alla ricerca dei suoi antenati delle regioni di Tournai e Gand, Jean-Pierre Popelier ha ripercorso la storia di migliaia di uomini e famiglie che vennero a cercare lavoro nelle fattorie, nelle miniere e nelle fabbriche del Nord, del Pas-de-Calais e talvolta di regioni pi\u00f9 lontane della Francia. Non sempre accolti dalla popolazione locale e sfruttati in misura maggiore rispetto ai lavoratori francesi dai datori di lavoro desiderosi di trovare una manodopera docile ed efficiente, si mescolarono con persone di cui avevano condiviso la storia, a seconda dei capricci della guerra, e che erano loro fratelli nella miseria e nella speranza.<\/p>\n<p>Quest'opera eccezionale si basa su testimonianze personali e documenti d'archivio per raccontare la vita quotidiana di questi primi migranti economici. \u00c8 una storia che dovrebbe toccare ognuno di noi.<\/p>\n<p><strong>AUTORE<\/strong><\/p>\n<p>Jean-Pierre Popelier \u00e8 nato a Roubaix da una famiglia di origine belga. Da quasi venticinque anni si dedica principalmente alla storia comune del Belgio e della Francia, in particolare della regione Hauts-de-France. A tal fine, ha studiato storia e ha completato un Master 2 all'EHESS su questo tema.<\/p>","protected":false},"excerpt":{"rendered":"<p>R\u00e9f\u00e9rence : 701018<br \/>\nUGS : 9782350773438<br \/>\n<b style=\"color: #ff0000;\">Tempi di consegna 10 giorni dal ricevimento del pagamento<br \/>\nQuantit\u00e9 maximum par commande : 2<br \/>\n<\/b><\/p>\n<form class=\"cart\" action=\"https:\/\/geniwal.be\/it\/produit\/retracer-lhistoire-de-sa-commune\/\" enctype=\"multipart\/form-data\" method=\"post\" data-trp-original-action=\"https:\/\/geniwal.be\/produit\/retracer-lhistoire-de-sa-commune\/\">\n<div class=\"quantity buttons_added\"><\/div>\n<input type=\"hidden\" name=\"trp-form-language\" value=\"it\"\/><\/form>\n<p>&nbsp;<\/p>","protected":false},"featured_media":5950,"comment_status":"closed","ping_status":"closed","template":"","meta":{"_et_pb_use_builder":"","_et_pb_old_content":"","_et_gb_content_width":""},"product_brand":[],"product_cat":[112],"product_tag":[198],"class_list":{"0":"post-5948","1":"product","2":"type-product","3":"status-publish","4":"has-post-thumbnail","6":"product_cat-guides","7":"product_tag-198","9":"first","10":"instock","11":"taxable","12":"shipping-taxable","13":"purchasable","14":"product-type-simple"},"aioseo_notices":[],"_links":{"self":[{"href":"https:\/\/geniwal.be\/it\/wp-json\/wp\/v2\/product\/5948","targetHints":{"allow":["GET"]}}],"collection":[{"href":"https:\/\/geniwal.be\/it\/wp-json\/wp\/v2\/product"}],"about":[{"href":"https:\/\/geniwal.be\/it\/wp-json\/wp\/v2\/types\/product"}],"replies":[{"embeddable":true,"href":"https:\/\/geniwal.be\/it\/wp-json\/wp\/v2\/comments?post=5948"}],"wp:featuredmedia":[{"embeddable":true,"href":"https:\/\/geniwal.be\/it\/wp-json\/wp\/v2\/media\/5950"}],"wp:attachment":[{"href":"https:\/\/geniwal.be\/it\/wp-json\/wp\/v2\/media?parent=5948"}],"wp:term":[{"taxonomy":"product_brand","embeddable":true,"href":"https:\/\/geniwal.be\/it\/wp-json\/wp\/v2\/product_brand?post=5948"},{"taxonomy":"product_cat","embeddable":true,"href":"https:\/\/geniwal.be\/it\/wp-json\/wp\/v2\/product_cat?post=5948"},{"taxonomy":"product_tag","embeddable":true,"href":"https:\/\/geniwal.be\/it\/wp-json\/wp\/v2\/product_tag?post=5948"}],"curies":[{"name":"wp","href":"https:\/\/api.w.org\/{rel}","templated":true}]}}

<p><strong>SOMMARIO</strong></p>
<p>L'immigrazione belga in Francia è la più antica (inizio XIX secolo) e la più numerosa: milioni di francesi hanno antenati fiamminghi e valloni. Eppure il ricordo sembra essersi affievolito. Se non fosse per i nomi che suonano fiamminghi negli elenchi telefonici e sui monumenti di guerra delle città del Nord e del Pas-de-Calais, chi ricorderebbe che la prima immigrazione è stata belga?</p>
<p>Andando alla ricerca dei suoi antenati delle regioni di Tournai e Gand, Jean-Pierre Popelier ha ripercorso la storia di migliaia di uomini e famiglie che vennero a cercare lavoro nelle fattorie, nelle miniere e nelle fabbriche del Nord, del Pas-de-Calais e talvolta di regioni più lontane della Francia. Non sempre accolti dalla popolazione locale e sfruttati in misura maggiore rispetto ai lavoratori francesi dai datori di lavoro desiderosi di trovare una manodopera docile ed efficiente, si mescolarono con persone di cui avevano condiviso la storia, a seconda dei capricci della guerra, e che erano loro fratelli nella miseria e nella speranza.</p>
<p>Quest'opera eccezionale si basa su testimonianze personali e documenti d'archivio per raccontare la vita quotidiana di questi primi migranti economici. È una storia che dovrebbe toccare ognuno di noi.</p>
<p><strong>AUTORE</strong></p>
<p>Jean-Pierre Popelier è nato a Roubaix da una famiglia di origine belga. Da quasi venticinque anni si dedica principalmente alla storia comune del Belgio e della Francia, in particolare della regione Hauts-de-France. A tal fine, ha studiato storia e ha completato un Master 2 all'EHESS su questo tema.</p>

<p>Référence : 701018<br />
UGS : 9782350773438<br />
<b style="color: #ff0000;">Tempi di consegna 10 giorni dal ricevimento del pagamento<br />
Quantité maximum par commande : 2<br />
</b></p>
<form class="cart" action="https://geniwal.be/it/produit/retracer-lhistoire-de-sa-commune/" enctype="multipart/form-data" method="post" data-trp-original-action="https://geniwal.be/produit/retracer-lhistoire-de-sa-commune/">
<div class="quantity buttons_added"></div>
<input type="hidden" name="trp-form-language" value="it"/></form>
<p>&nbsp;</p>
